?
2
Calculate the remainder when 1229 is divided by 559.
111
Calculate the remainder when 5142 is divided by 4000.
1142
What is the remainder when 62464 is divided by 87?
85
Calculate the remainder when 5797 is divided by 129.
121
Calculate the remainder when 122601 is divided by 134.
125
Calculate the remainder when 8335 is divided by 112.
47
What is the remainder when 708377 is divided by 18?
5
Calculate the remainder when 6443 is divided by 744.
491
Calculate the remainder when 16366 is divided by 379.
69
Calculate the remainder when 2243 is divided by 634.
341
Calculate the remainder when 291407 is divided by 74.
69
What is the remainder when 6142 is divided by 2986?
170
What is the remainder when 350464 is divided by 86?
14
Calculate the remainder when 493270 is divided by 403.
401
Calculate the remainder when 49357 is divided by 80.
77
What is the remainder when 24959 is divided by 261?
164
Calculate the remainder when 14519 is divided by 613.
420
What is the remainder when 1173368 is divided by 1043?
1036
What is the remainder when 83414 is divided by 194?
188
Calculate the remainder when 4076 is divided by 204.
200
Calculate the remainder when 7109 is divided by 47.
12
Calculate the remainder when 41395 is divided by 624.
211
What is the remainder when 773 is divided by 471?
302
What is the remainder when 991 is divided by 903?
88
What is the remainder when 6039 is divided by 378?
369
What is the remainder when 8999 is divided by 8984?
15
Calculate the remainder when 1531 is divided by 146.
71
Calculate the remainder when 2601 is divided by 680.
561
What is the remainder when 5353 is divided by 310?
83
What is the remainder when 599 is divided by 161?
116
Calculate the remainder when 246096 is divided by 49213.
31
What is the remainder when 3155 is divided by 39?
35
What is the remainder when 15838 is divided by 304?
30
What is the remainder when 15577 is divided by 1315?
1112
Calculate the remainder when 5470 is divided by 228.
226
Calculate the remainder when 5346597 is divided by 76.
73
Calculate the remainder when 278781 is divided by 135.
6
Calculate the remainder when 27261 is divided by 384.
381
Calculate the remainder when 48552 is divided by 853.
784
Calculate the remainder when 704553 is divided by 27.
15
What is the remainder when 2384 is divided by 1157?
70
Calculate the remainder when 17045 is divided by 5681.
2
What is the remainder when 934 is divided by 103?
7
What is the remainder when 18873 is divided by 151?
149
Calculate the remainder when 54661 is divided by 64.
5
Calculate the remainder when 103964 is divided by 17326.
8
What is the remainder when 1108797 is divided by 352?
349
What is the remainder when 17742 is divided by 466?
34
Calculate the remainder when 3296 is divided by 3287.
9
What is the remainder when 39312 is divided by 5?
2
Calculate the remainder when 64904 is divided by 1723.
1153
Calculate the remainder when 23529 is divided by 16.
9
What is the remainder when 250765 is divided by 175?
165
Calculate the remainder when 395 is divided by 31.
23
Calculate the remainder when 68265 is divided by 5687.
21
What is the remainder when 202865 is divided by 966?
5
Calculate the remainder when 421964 is divided by 149.
145
Calculate the remainder when 66948 is divided by 22183.
399
What is the remainder when 131470 is divided by 264?
262
Calculate the remainder when 530029 is divided by 30.
19
What is the remainder when 2322 is divided by 11?
1
What is the remainder when 5614 is divided by 1696?
526
What is the remainder when 7989 is divided by 1977?
81
What is the remainder when 6987 is divided by 333?
327
Calculate the remainder when 29410 is divided by 7349.
14
What is the remainder when 19213 is divided by 362?
27
What is the remainder when 3184 is divided by 347?
61
Calculate the remainder when 39457 is divided by 19715.
27
Calculate the remainder when 108541 is divided by 12060.
1
Calculate the remainder when 2587 is divided by 563.
335
What is the remainder when 2093 is divided by 1301?
792
What is the remainder when 34904 is divided by 15?
14
What is the remainder when 29358 is divided by 9786?
0
Calculate the remainder when 24981 is divided by 24954.
27
Calculate the remainder when 3886 is divided by 631.
100
Calculate the remainder when 7043 is divided by 126.
113
What is the remainder when 31425 is divided by 7855?
5
What is the remainder when 34076 is divided by 2838?
20
What is the remainder when 31434 is divided by 1255?
59
What is the remainder when 277449 is divided by 14?
11
What is the remainder when 551123 is divided by 25?
23
What is the remainder when 561 is divided by 428?
133
What is the remainder when 128075 is divided by 42675?
50
What is the remainder when 1952 is divided by 641?
29
Calculate the remainder when 82628 is divided by 132.
128
What is the remainder when 39234 is divided by 478?
38
What is the remainder when 51325 is divided by 590?
585
What is the remainder when 13047 is divided by 4348?
3
Calculate the remainder when 135307 is divided by 67632.
43
Calculate the remainder when 21445 is divided by 260.
125
Calculate the remainder when 70532 is divided by 120.
92
Calculate the remainder when 2038 is divided by 1018.
2
What is the remainder when 15961 is divided by 4996?
973
Calculate the remainder when 225574 is divided by 5.
4
What is the remainder when 1547 is divided by 353?
135
Calculate the remainder when 791 is divided by 316.
159
Calculate the remainder when 4410222 is divided by 169.
167
Calculate the remainder when 45028 is divided by 22505.
18
Calculate the remainder when 6416 is divided by 2542.
1332
What is the remainder when 64997 is divided by 250?
247
What is the remainder when 3038 is divided by 612?
590
Calculate the remainder when 7188 is divided by 183.
51
Calculate the remainder when 731 is divided by 646.
85
Calculate the remainder when 4631 is divided by 165.
11
What is the remainder when 380324 is divided by 3092?
8
What is the remainder when 280851 is divided by 189?
186
Calculate the remainder when 13178 is divided by 49.
46
Calculate the remainder when 600569 is divided by 19.
17
Calculate the remainder when 89361 is divided by 1039.
7
Calculate the remainder when 470416 is divided by 39.
37
Calculate the remainder when 7137 is divided by 257.
198
Calculate the remainder when 203738 is divided by 441.
437
What is the remainder when 8162 is divided by 2011?
118
Calculate the remainder when 110249 is divided by 1696.
9
Calculate the remainder when 9357 is divided by 4094.
1169
What is the remainder when 3688 is divided by 435?
208
What is the remainder when 318 is divided by 291?
27
Calculate the remainder when 58439 is divided by 253.
249
What is the remainder when 10672 is divided by 3405?
457
Calculate the remainder when 574 is divided by 154.
112
Calculate the remainder when 19359 is divided by 19353.
6
Calculate the remainder when 86874 is divided by 1114.
1096
What is the remainder when 48215 is divided by 530?
515
What is the remainder when 4338 is divided by 25?
13
What is the remainder when 3290 is divided by 108?
50
Calculate the remainder when 544879 is divided by 17.
12
What is the remainder when 2627 is divided by 11?
9
Calculate the remainder when 4124 is divided by 81.
74
What is the remainder when 16359 is divided by 40?
39
Calculate the remainder when 10260 is divided by 413.
348
Calculate the remainder when 21668 is divided by 197.
195
What is the remainder when 5571 is divided by 1853?
12
Calculate the remainder when 895784 is divided by 61.
60
What is the remainder when 341 is divided by 323?
18
Calculate the remainder when 2293 is divided by 1484.
809
What is the remainder when 17473 is divided by 287?
253
What is the remainder when 2152 is divided by 236?
28
Calculate the remainder when 1592 is divided by 719.
154
Calculate the remainder when 41064 is divided by 61.
11
What is the remainder when 8388 is divided by 300?
288
What is the remainder when 23704 is divided by 2900?
504
What is the remainder when 13303 is divided by 166?
23
Calculate the remainder when 8901 is divided by 1112.
5
Calculate the remainder when 91900 is divided by 3676.
0
What is the remainder when 9252 is divided by 513?
18
Calculate the remainder wh